 -97) + 99 + 13
-93
What is the value of (-91 - -53 - -50) + 31 + -3?
40
What is (-1 - 7) + ((75 - 32) + -87 - -34)?
-18
Calculate -7 + -23 + (-23 - (-16 + -68)).
31
What is the value of -134 + 14 + 149 - (15 - (-2 + 2))?
14
What is 18 - ((81 - 39) + -42)?
18
(-91 + (2 - 0) + -21 + 21 - 9) + 11
-87
What is the value of 44 + 21 + (-20 - -14) + -4 + -7?
48
(10 - -81) + -3 - 77
11
What is 4 + (-74 - (2 + 6 + -17)) - (-6 - -16)?
-71
What is the value of (46 - (-117 - -167)) + -1 + 61?
56
Calculate (8 - (3 + -9)) + -1 + 5 + (277 - 362).
-67
What is (7 - -3) + (1 - 39) + 19 + -40?
-49
What is -107 + (-1 + -10 + 29 - -14)?
-75
What is 24 + -8 + -228 + 195?
-17
What is the value of 51 - ((69 - 120) + 87)?
15
Evaluate -10 + -4 + -8 + -6 + 47 + (1 - 1).
19
(-1720 - -1708 - (-1 - 0 - (-4 + 132))) + -8
109
Evaluate 4 - -22 - (-10 - (2 + -4 - (12 - -8))).
14
What is the value of -25 - (6 + -15) - (79 + -5) - -17?
-73
Calculate -66 - (85 + -102 + 9).
-58
Calculate (12 - 1) + -1 + 12 + 5 + (-15 - -28).
40
What is (120 - 63) + -93 + -71?
-107
(-2 - 1) + (15 - (-26 + (22 - 8 - -1)))
23
What is -4 + 0 - (3 + (-118 - -106))?
5
What is 11 - (35 + 2 + (91 - 78))?
-39
Evaluate -24 + (-4 - -5) + (6 - 15) - (1 + -3).
-30
3 + (-64 - -66 - (0 - -5) - -8)
8
Calculate -50 - 14 - -49 - (-6 + 2).
-11
What is 0 - -10 - (4 + -34 + (35 - 16))?
21
What is the value of -115 + -2 + 100 + -72?
-89
Evaluate 2 - (-6 - 6 - (0 + -16)).
-2
Evaluate -36 + (2 - (-25 + -4 + 6) - 13).
-24
What is the value of 12 - 110 - -51 - (-4 + 2)?
-45
-121 + -9 + (1 - 3) + 26 + -18 + 3
-121
What is the value of (-23 - (48 - 9)) + 7 + (-10 - -3)?
-62
0 + 68 - (-231 - -236) - (3 + -8)
68
What is the value of 5 + 49 - (10 + -2 - -8)?
38
What is the value of 24 + -26 + -4 + 2 + -42 - (25 + -24)?
-47
-39 + -4 + -4 - (4 + 3) - -13
-41
What is the value of (-18 - 16) + 69 + -5 + -5?
25
What is (3 - 39) + -9 + 3 + -10 + 4?
-48
What is (-8 - 5) + -20 + (14 - 8)?
-27
What is -11 + -14 - -18 - ((-43 - 4) + 9)?
31
What is the value of 3 + 0 - (-5 - (-43 - -1) - 37)?
3
Calculate (2 + -1 - 3) + 2 + 0 + 10 + -1.
9
(-6 - (-253 + 267 + (-21 - -2))) + 11
10
(-21 + 19 - -25 - 17) + -96
-90
What is the value of 10 + -4 + (11 + -7 - (9 + -4)) + -11?
-6
Calculate -77 - (-92 - -9 - -72).
-66
What is the value of (20 - (-6 - 16)) + -43?
-1
What is the value of -42 - -190 - (-205 - -488)?
-135
What is the value of 26 + 89 + 1 + -30 - 19?
67
-24 - ((-5 - -1) + -21 - (-31 + 18))
-12
16 - ((15 - (27 + -5)) + 0)
23
What is ((-29 - (-45 + 14)) + (-4 - 1) - 7) + 3?
-7
What is (-51 - (-6 + -31)) + (4 - -69)?
59
-42 + 60 + (-3 - -6)
21
Calculate -6 + -23 + (339 - 311).
-1
Calculate -10 + (0 + 5 - (179 - 131)).
-53
Calculate 52 + (40 + -83 + 35 - 17).
27
What is (-5 - (-3 + 50) - (18 + -14)) + -6?
-62
What is 13 - (-32 - -25 - 23)?
43
-1 - (48 + -32) - 7
-24
(133 - 172) + 23 + 152
136
Calculate (-22 - -21) + (-17 - 3) + 59 + 3.
41
What is the value of 0 + -8 + -1 + (60 - 16 - (-12 + -1))?
48
What is the value of 83 + -95 + -48 + 104?
44
What is -119 - (-18 + -15 - 42)?
-44
What is 47 - (37 + -29 + 17 + -36)?
58
What is -21 + -2 - (17 - (19 + -9 + -11))?
-41
65 + -89 + 94 + -51
19
Calculate -29 + -1 + -8 + -4 + -6 + 0 + -1.
-49
110 - ((46 - 1) + -25) - 8
82
Calculate 1 + 8 + 16 + -14 + (-10 - -1) + 1.
3
5 + 47 + 67 + (-7 - 29) + (0 - 10)
73
Evaluate 106 + -95 + (34 - 1).
44
What is 78 - 165 - 7 - -107?
13
Calculate 0 + (-9 - -7) + 2 + 45 + -11.
34
Evaluate (7 - -1) + (167 - (-153 - -251)).
77
What is -241 + 259 + -36 + (-2 - 0)?
-20
Calculate 9 + (27 - (2 - (-12 + 1 + -1 - 0))).
22
Calculate (-6 + -19 + (8 - -9) - 2) + 32.
22
(-122 - -85 - -35) + (2 + 12 - 1) - -80
91
Evaluate -5 - (-4 + -3 + 12 + 5 + 28 + -15).
-28
Evaluate (-15 - 2) + (23 - (17 - 20)).
9
What is 335 + -329 + -1 + (-13 + 10 - (64 - 1))?
-61
Calculate 24 + -2 + (-17 + 35 - -14).
54
What is the value of 830 + -818 + 0 + -3 + 1 - -46?
56
What is 28 - (-17 - ((0 - -31) + -76))?
0
Calculate 85 - 10 - (4 + -15 + 14).
72
Calculate (9 + 8 - 9 - -4) + -15.
-3
Evaluate 9 - (-199 + 219 - (1 + 6)) - -28.
24
What is the value of (-44 - (10 - 96)) + -40 + 0 + 32?
34
17 - (15 + -66 + 26)
42
Calculate -7 + -5 + (3 + 11 - 35) + 5.
-28
What is (-3 - (-67 + 104)) + -24?
-64
What is -24 - (3 + (19 - (-35 - -165)))?
84
What is the value of 120 - (23 + -47 - -80)?
64
1 + 19 + (-22 - -12 - -5) - -27
42
Calculate (-218 - -213) + 4 + 10 + (0 - -61).
70
What is the value of (3 - 6 - -12) + (11 + -27 - 43) + -4?
-54
-6 + (-4 - -3) - -29
22
(148 + -93 - (-6 - -2)) + (1 - -16)
76
What is the value of -35 - 2 - ((-84 - -56) + (2 - -12))?
-23
What is the value of (-6 - -10) + 6 - (-5 - -1)?
14
Calculate -33 - (0 + -1) - (-363 + 372) - 2.
-43
Calculate (2 - 4 - (-198 + 183)) + (3 - 4).
12
What is the value of (-70 + 8 - -21) + 6 + 7 - 6?
-34
Calculate -90 + -14 - -67 - -101.
64
What is the value of -23 + 28 + (10 + 49 - -4) + 5?
73
What is -39 + (-4 + 4 + 10 - (-5 - 3))?
-21
Evaluate 14 + -14 - (-51 + (-44 - -59)).
36
6 - (36 + -46 + 40)
-24
What is the value of -105 - (-206 - (135 - 195))?
41
Evaluate -36 - -74 - (8 + -4 + 0).
34
What is (30 - (10 + 1) - (-16 - -32)) + 60?
63
What is (-85 - 11) + 31 + 110?
45
What is the value of -17 + (17 - 2 - -7 - 9 - -38)?
34
What is the value of -10 + (8 - (-8 - 27)) + -12?
21
What is (-805 - -848) + 2 + -3 + -17?
25
Calculate 57 + (-127 - (-14 - 26)).
-30
Evaluate (-131 - -30) + -175 + 216.
-60
Calculate 50 + 1 + (-89 - -82) + (-5 - (-15 + 2)).
52
(-26 - 0) + (-290 - -67) + 238
-11
Evaluate (60 + -58 - (1 - -6)) + (-5 - -69) + -4.
55
-2 - 125 - (620 - 612)
-135
Evaluate 2 - (5 + (-6 - (7 - -2) - 0) + 10).
2
539 - 565 - (-1 + -3 + 0 - (55 - 54))
-21
What is (-10 + 35 - 97) + 108?
36
Evaluate -26 - (47 + -27 + (-16 - 152)).
122
What is the value of -31 - (84 - 71 - -76)?
-120
Evaluate (17 - (-9 - (-22 + 17) - 0)) + 39.
60
What is the value of 24 + (-32 - (-29 - -4))?
17
Evaluate (-30 - -40) + -37 + (10 - 0) + 39.
22
What is the value of (-14 + -1 - 7 - (4 + -12)) + -58 + 7?
-65
What is the value of -42 - (39 - 47) - 22 - 36?
-92
What is -53 - 19 - (-135 + 24)?
39
What is 41 - (167 - 58) - (0 + 2 + -5)?
-65
What is -8 + (27 - 14) + (-9 - (0 + -56))?
52
What is the value of -352 + 270 + (11 - 0) + 22?
-49
What is the value of (-2 - (-56 + 5 + 9 + -10)) + -9?
41
What is -19 + (-1 - 2) - (-237 + 255)?
-40
What is the value of -13 + -1 + (-15 - (21 - 6) - -29)?
-15
19 + (-12 - -8) + -6 + 2 + 0
11
Calculate (12 - 28) + 27 - (14 + -42).
39
Evaluate -2 - -28 - (9120 - 9159).
65
-14 - (-50 - -49) - ((0 - 3) + -10)
0
Evaluate 71 - -1 - (-7600 + 7590).
82
Evaluate (-1 - 37) + 22 + (9 - 16 - -1) + -26.
-48
What is 16 + (-5 - -12) + -34 - 39?
-50
What is (0 - 8) + -43 + -19 + 40 + -21 + 0?
-51
What is the value of 9 + (-30 - ((4 - 40) + 31))?
-16
Evaluate 328 + -340 - ((-3 - -2) + 1 + -68).
56
What is the value of -363 + 356 + 2 + -18?
-23
What is the value of 10 + (-81 - (-30 + (26 - 25)))?
-42
Evaluate 109 + (-174 - (-54 - 33)).
22
Calculate -5 - 77 - (-171 - -145).
-56
Evaluate -2 + (-8 - -23) + -65 + -7 + 3.
-56
Calculate 20 + (-27 - -52) + (2 - -7).
54
Calculate (10 - 3) + (9 + -2 + -14 - -4).
4
What is the value of -76 + 68 + -4 + 3 + -28 + -59?
-96
Calculate 2 + 5 + (0 - 1) + -13 + (-5884 - -5900).
9
Calculate -1 + (41 - 8 - (-38 - -72) - (10 - -1)).
-13
Evaluate (-1 + 1 + -1 - 3) + (359 - 361) - -33.
27
What is the value of 7 + 1 + -60 + (12 - 27) + 0 + 1?
-66
What is -13 - (105 - (21 + -6 + 6 - 1))?
-98
(35 - 51 - (8 + -6)) + -1
-19
Calculate -3 + 1 + -19 + (2 - (31 - 18)).
-32
Calculate 29 + -42 + -53 + 17.
-49
Evaluate -92 + -3 - -44 - -64.
13
11 + 13 + 24 + -11 + -91 + 17
-37
13 - (-50 + 22) - 16
25
What is the value of 105 - 55 - 52 - ((-14 - -6) + -102)?
108
Calculate (-74 + -1 - -1) + 16 + (-13 - (48 - 33)).
-86
Evaluate -73 - (-1 + -1 - (-4 + 19 + -28)).
-84
What is 1 - ((28 - 16) + -1 + -18 + 13 - -26)?
-31
Evaluate (2235 - 2257) + 2 + -35.
-55
What is 5 - (-8 - (1 + -27)) - (-59 + -8)?
54
16 + (4 - 7) + (-73 - -79)
19
91 - (-146 + 166 - (4 + -2 - 1))
72
Evaluate -12 - -21 - (-7 + -6 + 20 + -27).
29
What is -173 - -117 - (23 - -2) - (-2 + -1)?
-78
Evaluate (-84 - 6) + (4 - -15) + -13 + 11.
-73
Evaluate (19 - (16 - -48)) + 43 + 1 + 59.
58
(9 - -11) + (